*c. Let x = o - 7. Suppose 0 = -4*d - 20 + x. Give y(d).
-5
Let n(y) = -2*y**2 + 11*y + 1. Suppose 326*d = 336*d - 80. Determine n(d).
-39
Let i(p) = 2*p**2. Let y be i(1). Let o(h) = -14*h - 88. Let m(k) = 5*k + 31. Let l(z) = 17*m(z) + 6*o(z). Calculate l(y).
1
Let r(n) be the first derivative of -n**3/3 + 5*n**2 - 7*n - 23. Let s = 4224 - 4214. Give r(s).
-7
Let d(l) = -14*l**2 - 2*l - 1. Let t(m) = 109*m + 544. Let u be t(-5). Calculate d(u).
-13
Let y be (18/27)/(1 - (-8)/(-12)). Let a = 0 - -2. Let r(m) = 23 - a*m**y - 22 + 21*m**2. What is r(1)?
20
Let s(u) = -4*u + 99. Let l be s(22). Let b be 1 + -4 + (10 - l). Let i(k) = 6*k + 7. Determine i(b).
-17
Let w(h) = 16*h + 108. Let r(x) = 9*x + 54. Let k(v) = -5*r(v) + 3*w(v). Calculate k(-23).
-15
Let f(u) = -u**3 - u**2 - 1. Let d(a) = a**3 + 12*a**2 - 4. Let r(l) = d(l) + 2*f(l). Let g be (-175)/(-25) + (-3)/(4 - (1 + 4)). Determine r(g).
-6
Let f(z) = -z**2 + 4*z. Let c be f(0). Suppose c = 6*k - 32 - 22. Suppose -55 - 8 = -k*h. Let o(y) = -y + 3. Give o(h).
-4
Suppose -7*j + 16 = j. Let y(l) = -l**3 - 8*l**2 + 8*l - 3. Let v be y(-9). Let f(u) = 3*u + u**3 + 4*u**2 - 5*u**j - v*u**2 + 6*u**2 - 1. Give f(2).
9
Let i(d) = 2908 + 2910 - 4*d - 14*d - 5807 - d. Determine i(-6).
125
Let b(k) be the third derivative of -k**5/30 + k**4/12 - k**3/3 - 103*k**2 - 6*k - 2. What is b(-5)?
-62
Let t(c) = -11*c**3 + 39*c**2 + 24*c - 29. Let i(s) = 5*s**3 - 19*s**2 - 13*s + 12. Let v(y) = 13*i(y) + 6*t(y). What is v(-11)?
15
Suppose a + f + 372 = 0, -1486 = 4*a - 12*f + 15*f. Let x = a - -364. Let o(j) = 5*j + 6. Give o(x).
-24
Let c(k) = -k**3 - 5*k**2 + 3*k - 4. Let m(w) = -w**3 - 22*w**2 - 121*w - 5. Let r be m(-11). Give c(r).
-19
Suppose -112 = 8*v - v. Let o = 12 - v. Let r(f) = -4*f**2 + 57 - o - f - 30. What is r(-1)?
-4
Let b be 1*(-5 + 3 - -3 - -2). Let s(r) = -56*r**3 + 8*r**2 + 6 + 57*r**b - 8*r - 12*r**2. Give s(5).
-9
Let z(r) = -5*r - 11. Let j(h) = h + 1. Let v = -146 + 145. Let n(k) = v*z(k) - 4*j(k). Give n(0).
7
Let q be 10/3 - (-596)/(-447). Let b(g) = 9*g - 11. Calculate b(q).
7
Let y = -2391 + 4318. Let d(p) = -y + 2*p - 4*p + 1920. Let j = -2 + -3. What is d(j)?
3
Let l(b) = -15*b**2 + 9*b + 6. Let x(a) = 3*a**2 - 2*a - 2. Let g(s) = 2*l(s) + 11*x(s). Determine g(3).
5
Let q(t) = -9*t - 21 - 10*t + 18 - 10*t + 36*t. Suppose -3*s - 15 = 2*s. Give q(s).
-24
Suppose -4*f - 15*g = -17*g - 36, 3*f = -4*g + 27. Let c(q) = -19*q + 123. What is c(f)?
-48
Let n(a) be the second derivative of a**3/6 + 23*a**2/2 - 3*a. Let m = -6660 - -6653. Determine n(m).
16
Let u(d) = d**3 - 8*d**2 + 6*d + 6. Suppose -3 = -2*x + 7. Suppose 55 = x*j + 6*j. Let h be (39 + -34)*((-14)/j)/(-2). Calculate u(h).
-1
Let n = -293 + 502. Let u = -221 + n. Let v(f) = 2*f + 13. Calculate v(u).
-11
Let h(c) = 7*c + 0 + 3 - 7*c - 4*c. Let v(j) = 4*j**2 + 72*j + 2. Let p be v(-18). Give h(p).
-5
Suppose -2*j + 2*c = -30, -9*c = -4*c + 20. Let x(z) = z**2 - 12*z - 9. Let n(y) = 6*y**2 - 62*y - 46. Let v(b) = j*x(b) - 2*n(b). Give v(-7).
0
Suppose 237 = -12*h + 141. Let w be 32/h*(-21)/(-28). Let g(a) = -7*a - 4. Give g(w).
17
Let q = -116 + 119. Let c(w) = w + 134 - w - q*w - 135. Determine c(-9).
26
Let i(l) = l**3 + 5*l**2 - 8*l - 3. Suppose j = -2 - 1, 4*j - 8 = -4*a. Suppose 154 + 166 = a*v. Let s = -70 + v. Calculate i(s).
9
Suppose -3268 = 14*y - 3268. Let h(i) = -2*i**3 - 2*i**2 + 3*i + 2. Give h(y).
2
Suppose -10*r + 15*r + 2*j = 155, -5*r = 5*j - 170. Let a(z) = 6*z - 175. Let q be a(r). Let c(l) = -13*l + 1. What is c(q)?
14
Let b be (4 + (-216)/52)*(-11 + -2). Suppose 2*l = -2*g, g - 4*g - 2*l = 0. Let q be 4 + b + g/(-2). Let z(f) = -f + 3. Give z(q).
-3
Suppose 8*z - 366 = 402. Let t(o) = -5*o**2 - 7*o + 186*o**3 + 6 - z*o**3 - 89*o**3 - o**2. Let m be (-1 + -2)*14/(-6). Determine t(m).
6
Let v(j) = 3*j**2 + 6*j + 15*j**2 + 11*j**2 + 7 - 30*j**2. Let c be (-45)/10*(-4)/3. Give v(c).
7
Let r(i) = i**3 + 6*i**2 + i - 1. Let b(y) be the third derivative of y**5/30 + 13*y**4/12 + 19*y**3/6 - y**2 + 12*y. Let q be b(-12). Give r(q).
19
Suppose 0 = -u - 4 + 2. Let n(s) = 34*s + 2. Let x(o) = -44*o - 4. Let k(h) = -3*n(h) - 2*x(h). Give k(u).
30
Let s(q) = q**3 + 12*q**2 - 2*q - 25. Let d be 4*(-3)/30*1*30. Let t be s(d). Let m(o) = 10*o**3 - 2*o - 1. Determine m(t).
-9
Let b(x) = 59*x - 2596. Let k be b(44). Let d(q) = 2*q**3 - q**3 + 5*q**3 - 5*q**3 - q - q**2. Determine d(k).
0
Let p(o) = -o**3 + 5*o**2 - 2*o - 5. Let g be p(4). Suppose -1 = 2*s - g*v - 6, -4*s - v = -17. Let r(t) = 5*t - 5. Calculate r(s).
15
Let p(i) = -5*i + 17. Let b(g) = g - 1. Let l(r) = 6*b(r) + p(r). Let a be l(-6). Suppose -5*n + 15 = -a. Let m(x) = -x**3 + 2*x**2 + 5*x + 3. Give m(n).
-9
Let l(m) = 8*m**3 - 8*m**2 - 8*m + 16. Let n(o) = 15*o**3 - 13*o**2 - 13*o + 27. Let p(f) = -5*l(f) + 3*n(f). Suppose 5*w = w - 4. What is p(w)?
-4
Let f(k) be the first derivative of k**2 - 88*k - 1839. Calculate f(48).
8
Let v(q) = q**3 - 1156*q**2 + 2 - q + 1156*q**2. Suppose -2*n = -5*m + 6, -32 = -m - 30. Determine v(n).
8
Let s be 160 + -7 + 5 - -6. Let h(l) = -l - l**2 + 79 - s + 0*l**3 + l**3 + 78. Let f(n) = -n**3 - 5*n**2 - 5*n - 4. Let g be f(-4). Give h(g).
-7
Let o(x) = 2*x + 39. Suppose 480*w + 57 = 442*w - 399. What is o(w)?
15
Let l(i) = i**2 - 6*i + 1. Let a be 8/((-20)/5) + 8. Let m be l(a). Let k(q) = -q - 14 + 3*q**2 + 14. Determine k(m).
2
Let h(a) be the first derivative of a**3/3 + a**2 - 5*a - 4. Let f be -6*1*12/(-9). Let l be -2*((-10)/(-16))/(2/f). Give h(l).
10
Let m(z) = -4*z + 14*z - 9*z + 5 - z**3 - 3*z**2 - 4*z**2. Let p = 791 + -798. Give m(p).
-2
Let q(s) = -283*s + 1. Let a(l) = -1703*l + 69. Let b(x) = a(x) - 6*q(x). Calculate b(20).
-37
Suppose -2232 = 167*l - 497 + 269. Let u(j) = j**3 + 13*j**2 + 15*j + 28. Determine u(l).
-8
Let y(k) = -9 - 1 - 1390*k**2 + 1388*k**2 - 5 + 22. Let v be 4/6*(-18)/(-4). Give y(v).
-11
Let t(c) = 40 + c - 16 - 17. Let j be (-730)/70 - (-6)/14. Determine t(j).
-3
Suppose -10 = -4*u + 6. Let c(v) = 13*v**2 + u*v + 30*v**2 - 42*v**2 - 7. Give c(-6).
5
Suppose 68*t = 12*t - 12*t - 204. Let z(s) be the first derivative of -s**4/4 - s**2 + 3*s - 1. Determine z(t).
36
Let m(f) = 1365*f + f**3 - 682*f - 678*f + 2 + 8*f**2. What is m(-9)?
-124
Suppose -13 = 3*r - 7*f, -4*f + 61 - 20 = 5*r. Let l(p) = 11*p**2 - 25*p - 3. Let n(m) = 5*m**2 - 12*m - 1. Let i(o) = 4*l(o) - 9*n(o). Determine i(r).
12
Let g(x) = -12*x + 566. Let o be g(47). Let l(s) = 2 - 2 + 2 + 4*s - 2*s. Give l(o).
6
Suppose 43 = -39*w + 5*w - 59. Let k(g) = g**3 + 5*g**2 + 6*g - 3. What is k(w)?
-3
Let b(s) = 7*s**2 + s - 5. Let c be b(2). Let u be ((-60)/(-36))/(c/90). Let a(d) = 4*d - 5*d + 2*d - 7. Give a(u).
-1
Let s(n) = 10*n + 51. Let i be s(-5). Let k(l) = l - 121*l**2 + l + i + 129*l**2. Suppose -2*p = -r + 4 - 5, -5*p - 17 = 4*r. Give k(p).
7
Suppose -3*x + 4 = -l + 2*l, 0 = 4*x - 2*l - 2. Suppose -4*h = 5*u - x, -h = -2*h + 2*u + 10. Let r(c) = -40 + 17 + 9 + c**2 + 11 + 0*c**2. What is r(h)?
13
Let l(g) = -g**2 + 23*g + 23. Let s(y) = -1. Let c(p) = -l(p) - 2*s(p). Let q be c(24). Let f(h) = -h**2. Calculate f(q).
-9
Let a(p) be the first derivative of 6*p**2 - 2*p + 1. Suppose 13*c - 178 = 102*c. Calculate a(c).
-26
Let o(w) = 6*w**2 + 27*w + 14. Let c(h) = -144*h + 2156. Let d be c(15). Determine o(d).
2
Let r = -178 - -186. Let u(y) = -r + 527*y**3 - 525*y**3 + 8 + y. Give u(1).
3
Let s be (5 - ((-216)/(-12) - 12))/(2/(-4)). Let i(v) = 6*v**3 + 2*v**2 - 4*v - 2. Give i(s).
46
Let g(t) = -t - 3. Suppose -5*z - 26 = -5*b - 16, 0 = -2*z - 12. Determine g(b).
1
Let p(k) be the third derivative of k**8/6720 + k**7/315 - 7*k**6/720 + 13*k**5/120 - 4*k**4 + k**2 + 18. Let w(n) be the second derivative of p(n). Give w(-9).
-5
Suppose -h + 19*k - 20*k - 2 = 0, -3*h + 18 = k. Let j(a) = 5*a + 3*a + 2*a**3 - 3*a**3 + 9*a**2 + 14. What is j(h)?
-6
Let z(b) be the second derivative of 0 - 1/6*b**3 + 0*b**2 + 1/12*b**4 + 5*b. Let a be 6/1 - (-22 - -23). Give z(a).
20
Suppose -36*o + 155 + 25 = 0. Suppose 4*t - 3*t - 5 = 0. Let c(z) = 6*z - t*z + 7 + z**2 - 10*z. Calculate c(o).
-13
Let q(b) = 2*b**3 + 14*b**2 - 5*b - 12. Let l(u) = u**3 + 2*u**2 - 1. Let y be -11 + 1424/128 + 25/(-8). Let p(n) = y*l(n) + q(n). Calculat